{"id":665,"date":"2022-10-07T12:13:11","date_gmt":"2022-10-07T12:13:11","guid":{"rendered":"https:\/\/logos.bilkent.edu.tr\/?page_id=665"},"modified":"2022-10-07T12:15:14","modified_gmt":"2022-10-07T12:15:14","slug":"ceviri-oner","status":"publish","type":"page","link":"https:\/\/logos.bilkent.edu.tr\/index.php\/ceviri-oner\/","title":{"rendered":"\u00c7eviri \u00d6ner"},"content":{"rendered":"\t\t<div data-elementor-type=\"wp-page\" data-elementor-id=\"665\" class=\"elementor elementor-665\">\n\t\t\t\t\t\t\t\t\t<section class=\"elementor-section elementor-top-section elementor-element elementor-element-6cf7114 elementor-section-boxed elementor-section-height-default elementor-section-height-default\" data-id=\"6cf7114\" data-element_type=\"section\">\n\t\t\t\t\t\t<div class=\"elementor-container elementor-column-gap-default\">\n\t\t\t\t\t<div class=\"elementor-column elementor-col-100 elementor-top-column elementor-element elementor-element-f149cbb\" data-id=\"f149cbb\" data-element_type=\"column\">\n\t\t\t<div class=\"elementor-widget-wrap elementor-element-populated\">\n\t\t\t\t\t\t\t\t<div class=\"elementor-element elementor-element-acdefc0 elementor-widget elementor-widget-wpforms\" data-id=\"acdefc0\" data-element_type=\"widget\" data-widget_type=\"wpforms.default\">\n\t\t\t\t<div class=\"elementor-widget-container\">\n\t\t\t<div class=\"wpforms-container wpforms-container-full\" id=\"wpforms-488\"><form id=\"wpforms-form-488\" class=\"wpforms-validate wpforms-form wpforms-ajax-form\" data-formid=\"488\" method=\"post\" enctype=\"multipart\/form-data\" action=\"\/index.php\/wp-json\/wp\/v2\/pages\/665\" data-token=\"4685db1dea4b156df351502d42595702\" data-token-time=\"1777774372\"><noscript class=\"wpforms-error-noscript\">Please enable JavaScript in your browser to complete this form.<\/noscript><div class=\"wpforms-field-container\"><div id=\"wpforms-488-field_1-container\" class=\"wpforms-field wpforms-field-text\" data-field-id=\"1\"><label class=\"wpforms-field-label\" for=\"wpforms-488-field_1\">\u0130lgili Kelime: <span class=\"wpforms-required-label\">*<\/span><\/label><input type=\"text\" id=\"wpforms-488-field_1\" class=\"wpforms-field-medium wpforms-field-required\" name=\"wpforms[fields][1]\" required><\/div><div id=\"wpforms-488-field_2-container\" class=\"wpforms-field wpforms-field-text\" data-field-id=\"2\"><label class=\"wpforms-field-label\" for=\"wpforms-488-field_2\">\u00d6nerilen \u00c7eviri: <span class=\"wpforms-required-label\">*<\/span><\/label><input type=\"text\" id=\"wpforms-488-field_2\" class=\"wpforms-field-medium wpforms-field-required\" name=\"wpforms[fields][2]\" required><\/div><div id=\"wpforms-488-field_3-container\" class=\"wpforms-field wpforms-field-textarea\" data-field-id=\"3\"><label class=\"wpforms-field-label\" for=\"wpforms-488-field_3\">Mesaj (opsiyonel): <\/label><textarea id=\"wpforms-488-field_3\" class=\"wpforms-field-medium\" name=\"wpforms[fields][3]\" ><\/textarea><\/div><\/div><!-- .wpforms-field-container --><div class=\"wpforms-recaptcha-container wpforms-is-recaptcha wpforms-is-recaptcha-type-v3\" ><input type=\"hidden\" name=\"wpforms[recaptcha]\" value=\"\"><\/div><div class=\"wpforms-submit-container\" ><input type=\"hidden\" name=\"wpforms[id]\" value=\"488\"><input type=\"hidden\" name=\"page_title\" value=\"\"><input type=\"hidden\" name=\"page_url\" value=\"https:\/\/logos.bilkent.edu.tr\/index.php\/wp-json\/wp\/v2\/pages\/665\"><input type=\"hidden\" name=\"url_referer\" value=\"\"><button type=\"submit\" name=\"wpforms[submit]\" id=\"wpforms-submit-488\" class=\"wpforms-submit\" data-alt-text=\"G\u00f6nderiyor...\" data-submit-text=\"G\u00f6nder\" aria-live=\"assertive\" value=\"wpforms-submit\">G\u00f6nder<\/button><img loading=\"lazy\" decoding=\"async\" src=\"https:\/\/logos.bilkent.edu.tr\/wp-content\/plugins\/wpforms-lite\/assets\/images\/submit-spin.svg\" class=\"wpforms-submit-spinner\" style=\"display: none;\" width=\"26\" height=\"26\" alt=\"Loading\"><\/div><\/form><\/div>  <!-- .wpforms-container -->\t\t<\/div>\n\t\t\t\t<\/div>\n\t\t\t\t\t<\/div>\n\t\t<\/div>\n\t\t\t\t\t\t\t<\/div>\n\t\t<\/section>\n\t\t\t\t\t\t\t<\/div>\n\t\t","protected":false},"excerpt":{"rendered":"","protected":false},"author":1,"featured_media":0,"parent":0,"menu_order":0,"comment_status":"closed","ping_status":"closed","template":"","meta":{"_monsterinsights_skip_tracking":false,"_monsterinsights_sitenote_active":false,"_monsterinsights_sitenote_note":"","_monsterinsights_sitenote_category":0,"footnotes":""},"class_list":["post-665","page","type-page","status-publish","hentry"],"yoast_head":"<!-- This site is optimized with the Yoast SEO plugin v26.3 - https:\/\/yoast.com\/wordpress\/plugins\/seo\/ -->\n<title>\u00c7eviri \u00d6ner - Bilkent Felsefe S\u00f6zl\u00fc\u011f\u00fc<\/title>\n<meta name=\"robots\" content=\"index, follow, max-snippet:-1, max-image-preview:large, max-video-preview:-1\" \/>\n<link rel=\"canonical\" href=\"https:\/\/logos.bilkent.edu.tr\/index.php\/ceviri-oner\/\" \/>\n<meta property=\"og:locale\" content=\"en_US\" \/>\n<meta property=\"og:type\" content=\"article\" \/>\n<meta property=\"og:title\" content=\"\u00c7eviri \u00d6ner - Bilkent Felsefe S\u00f6zl\u00fc\u011f\u00fc\" \/>\n<meta property=\"og:url\" content=\"https:\/\/logos.bilkent.edu.tr\/index.php\/ceviri-oner\/\" \/>\n<meta property=\"og:site_name\" content=\"Bilkent Felsefe S\u00f6zl\u00fc\u011f\u00fc\" \/>\n<meta property=\"article:modified_time\" content=\"2022-10-07T12:15:14+00:00\" \/>\n<meta name=\"twitter:card\" content=\"summary_large_image\" \/>\n<meta name=\"twitter:site\" content=\"@BilFelSozluk\" \/>\n<script type=\"application\/ld+json\" class=\"yoast-schema-graph\">{\"@context\":\"https:\/\/schema.org\",\"@graph\":[{\"@type\":\"WebPage\",\"@id\":\"https:\/\/logos.bilkent.edu.tr\/index.php\/ceviri-oner\/\",\"url\":\"https:\/\/logos.bilkent.edu.tr\/index.php\/ceviri-oner\/\",\"name\":\"\u00c7eviri \u00d6ner - Bilkent Felsefe S\u00f6zl\u00fc\u011f\u00fc\",\"isPartOf\":{\"@id\":\"https:\/\/logos.bilkent.edu.tr\/#website\"},\"datePublished\":\"2022-10-07T12:13:11+00:00\",\"dateModified\":\"2022-10-07T12:15:14+00:00\",\"breadcrumb\":{\"@id\":\"https:\/\/logos.bilkent.edu.tr\/index.php\/ceviri-oner\/#breadcrumb\"},\"inLanguage\":\"en-US\",\"potentialAction\":[{\"@type\":\"ReadAction\",\"target\":[\"https:\/\/logos.bilkent.edu.tr\/index.php\/ceviri-oner\/\"]}]},{\"@type\":\"BreadcrumbList\",\"@id\":\"https:\/\/logos.bilkent.edu.tr\/index.php\/ceviri-oner\/#breadcrumb\",\"itemListElement\":[{\"@type\":\"ListItem\",\"position\":1,\"name\":\"Home\",\"item\":\"https:\/\/logos.bilkent.edu.tr\/\"},{\"@type\":\"ListItem\",\"position\":2,\"name\":\"\u00c7eviri \u00d6ner\"}]},{\"@type\":\"WebSite\",\"@id\":\"https:\/\/logos.bilkent.edu.tr\/#website\",\"url\":\"https:\/\/logos.bilkent.edu.tr\/\",\"name\":\"Bilkent Felsefe S\u00f6zl\u00fc\u011f\u00fc\",\"description\":\"\u0130ngilizce T\u00fcrk\u00e7e Felsefe Terimleri S\u00f6zl\u00fc\u011f\u00fc\",\"publisher\":{\"@id\":\"https:\/\/logos.bilkent.edu.tr\/#organization\"},\"potentialAction\":[{\"@type\":\"SearchAction\",\"target\":{\"@type\":\"EntryPoint\",\"urlTemplate\":\"https:\/\/logos.bilkent.edu.tr\/?s={search_term_string}\"},\"query-input\":{\"@type\":\"PropertyValueSpecification\",\"valueRequired\":true,\"valueName\":\"search_term_string\"}}],\"inLanguage\":\"en-US\"},{\"@type\":\"Organization\",\"@id\":\"https:\/\/logos.bilkent.edu.tr\/#organization\",\"name\":\"Bilkent Felsefe S\u00f6zl\u00fc\u011f\u00fc\",\"url\":\"https:\/\/logos.bilkent.edu.tr\/\",\"logo\":{\"@type\":\"ImageObject\",\"inLanguage\":\"en-US\",\"@id\":\"https:\/\/logos.bilkent.edu.tr\/#\/schema\/logo\/image\/\",\"url\":\"https:\/\/logos.bilkent.edu.tr\/wp-content\/uploads\/2022\/11\/sozluk-logo-6.png\",\"contentUrl\":\"https:\/\/logos.bilkent.edu.tr\/wp-content\/uploads\/2022\/11\/sozluk-logo-6.png\",\"width\":300,\"height\":41,\"caption\":\"Bilkent Felsefe S\u00f6zl\u00fc\u011f\u00fc\"},\"image\":{\"@id\":\"https:\/\/logos.bilkent.edu.tr\/#\/schema\/logo\/image\/\"},\"sameAs\":[\"https:\/\/x.com\/BilFelSozluk\"]}]}<\/script>\n<!-- \/ Yoast SEO plugin. -->","yoast_head_json":{"title":"\u00c7eviri \u00d6ner - Bilkent Felsefe S\u00f6zl\u00fc\u011f\u00fc","robots":{"index":"index","follow":"follow","max-snippet":"max-snippet:-1","max-image-preview":"max-image-preview:large","max-video-preview":"max-video-preview:-1"},"canonical":"https:\/\/logos.bilkent.edu.tr\/index.php\/ceviri-oner\/","og_locale":"en_US","og_type":"article","og_title":"\u00c7eviri \u00d6ner - Bilkent Felsefe S\u00f6zl\u00fc\u011f\u00fc","og_url":"https:\/\/logos.bilkent.edu.tr\/index.php\/ceviri-oner\/","og_site_name":"Bilkent Felsefe S\u00f6zl\u00fc\u011f\u00fc","article_modified_time":"2022-10-07T12:15:14+00:00","twitter_card":"summary_large_image","twitter_site":"@BilFelSozluk","schema":{"@context":"https:\/\/schema.org","@graph":[{"@type":"WebPage","@id":"https:\/\/logos.bilkent.edu.tr\/index.php\/ceviri-oner\/","url":"https:\/\/logos.bilkent.edu.tr\/index.php\/ceviri-oner\/","name":"\u00c7eviri \u00d6ner - Bilkent Felsefe S\u00f6zl\u00fc\u011f\u00fc","isPartOf":{"@id":"https:\/\/logos.bilkent.edu.tr\/#website"},"datePublished":"2022-10-07T12:13:11+00:00","dateModified":"2022-10-07T12:15:14+00:00","breadcrumb":{"@id":"https:\/\/logos.bilkent.edu.tr\/index.php\/ceviri-oner\/#breadcrumb"},"inLanguage":"en-US","potentialAction":[{"@type":"ReadAction","target":["https:\/\/logos.bilkent.edu.tr\/index.php\/ceviri-oner\/"]}]},{"@type":"BreadcrumbList","@id":"https:\/\/logos.bilkent.edu.tr\/index.php\/ceviri-oner\/#breadcrumb","itemListElement":[{"@type":"ListItem","position":1,"name":"Home","item":"https:\/\/logos.bilkent.edu.tr\/"},{"@type":"ListItem","position":2,"name":"\u00c7eviri \u00d6ner"}]},{"@type":"WebSite","@id":"https:\/\/logos.bilkent.edu.tr\/#website","url":"https:\/\/logos.bilkent.edu.tr\/","name":"Bilkent Felsefe S\u00f6zl\u00fc\u011f\u00fc","description":"\u0130ngilizce T\u00fcrk\u00e7e Felsefe Terimleri S\u00f6zl\u00fc\u011f\u00fc","publisher":{"@id":"https:\/\/logos.bilkent.edu.tr\/#organization"},"potentialAction":[{"@type":"SearchAction","target":{"@type":"EntryPoint","urlTemplate":"https:\/\/logos.bilkent.edu.tr\/?s={search_term_string}"},"query-input":{"@type":"PropertyValueSpecification","valueRequired":true,"valueName":"search_term_string"}}],"inLanguage":"en-US"},{"@type":"Organization","@id":"https:\/\/logos.bilkent.edu.tr\/#organization","name":"Bilkent Felsefe S\u00f6zl\u00fc\u011f\u00fc","url":"https:\/\/logos.bilkent.edu.tr\/","logo":{"@type":"ImageObject","inLanguage":"en-US","@id":"https:\/\/logos.bilkent.edu.tr\/#\/schema\/logo\/image\/","url":"https:\/\/logos.bilkent.edu.tr\/wp-content\/uploads\/2022\/11\/sozluk-logo-6.png","contentUrl":"https:\/\/logos.bilkent.edu.tr\/wp-content\/uploads\/2022\/11\/sozluk-logo-6.png","width":300,"height":41,"caption":"Bilkent Felsefe S\u00f6zl\u00fc\u011f\u00fc"},"image":{"@id":"https:\/\/logos.bilkent.edu.tr\/#\/schema\/logo\/image\/"},"sameAs":["https:\/\/x.com\/BilFelSozluk"]}]}},"_links":{"self":[{"href":"https:\/\/logos.bilkent.edu.tr\/index.php\/wp-json\/wp\/v2\/pages\/665","targetHints":{"allow":["GET"]}}],"collection":[{"href":"https:\/\/logos.bilkent.edu.tr\/index.php\/wp-json\/wp\/v2\/pages"}],"about":[{"href":"https:\/\/logos.bilkent.edu.tr\/index.php\/wp-json\/wp\/v2\/types\/page"}],"author":[{"embeddable":true,"href":"https:\/\/logos.bilkent.edu.tr\/index.php\/wp-json\/wp\/v2\/users\/1"}],"replies":[{"embeddable":true,"href":"https:\/\/logos.bilkent.edu.tr\/index.php\/wp-json\/wp\/v2\/comments?post=665"}],"version-history":[{"count":3,"href":"https:\/\/logos.bilkent.edu.tr\/index.php\/wp-json\/wp\/v2\/pages\/665\/revisions"}],"predecessor-version":[{"id":670,"href":"https:\/\/logos.bilkent.edu.tr\/index.php\/wp-json\/wp\/v2\/pages\/665\/revisions\/670"}],"wp:attachment":[{"href":"https:\/\/logos.bilkent.edu.tr\/index.php\/wp-json\/wp\/v2\/media?parent=665"}],"curies":[{"name":"wp","href":"https:\/\/api.w.org\/{rel}","templated":true}]}}